{"id":858,"date":"2023-01-24T14:57:36","date_gmt":"2023-01-24T13:57:36","guid":{"rendered":"https:\/\/dev.everpress.everapps.dev\/bezahlmoeglichkeiten\/"},"modified":"2024-10-22T16:16:44","modified_gmt":"2024-10-22T14:16:44","slug":"bezahlmoeglichkeiten","status":"publish","type":"page","link":"\/shop\/bezahlmoeglichkeiten\/","title":{"rendered":"Zahlungsarten"},"content":{"rendered":"\n\t\n\t<div class=\"ep-content-dynamic  bg-light space \"><div class=\"row   default-start default-top\"><h2 class=\"col align-left\">Zahlungsarten  <span class=\"subline\"><\/span><\/h2><div class=\"col \"><div class=\"payment-container\">\n<div class=\"container\"><img decoding=\"async\" src=\"\/shop\/wp-content\/themes\/everpress\/assets\/images\/payments\/bacs.svg\" alt=\"Direkte Bank\u00fcberweisung\">  <span class=\"title\">Direkte Bank\u00fcberweisung<\/span> <small>\u00dcberweisen Sie direkt an unsere Bankverbindung. Bitte nutzen Sie die Bestellnummer als Verwendungszweck. Ihre Bestellung wird erst nach Geldeingang auf unserem Konto versandt.<\/small> <\/div>\n<div class=\"container\"><img decoding=\"async\" src=\"\/shop\/wp-content\/themes\/everpress\/assets\/images\/payments\/ppcp.svg\" alt=\"PayPal\">  <span class=\"title\">PayPal<\/span> <small>Sie k\u00f6nnen PayPal nutzen, um schnell und sicher zu bezahlen. Einfach, zuverl\u00e4ssig und ohne Ihre Zahlungsdaten erneut eingeben zu m\u00fcssen!<\/small> <\/div>\n<div class=\"container\"><img decoding=\"async\" src=\"\/shop\/wp-content\/themes\/everpress\/assets\/images\/payments\/direct-debit.svg\" alt=\"Lastschrift\">  <span class=\"title\">Lastschrift<\/span> <small>Der Gesamtbestellbetrag wird per SEPA-Lastschrift direkt von Ihrem Konto abgebucht.<\/small> <\/div>\n<div class=\"container\"><span>PAYMENTPLUGINS_PPCP_<\/span> <span class=\"title\"><\/span> <small><\/small><\/div>\n<\/div>\n<\/div><\/div><\/div>\n\t","protected":false},"excerpt":{"rendered":"","protected":false},"author":1,"featured_media":0,"parent":0,"menu_order":0,"comment_status":"closed","ping_status":"closed","template":"","meta":{"_acf_changed":false,"footnotes":""},"class_list":["post-858","page","type-page","status-publish","hentry"],"acf":[],"_links":{"self":[{"href":"\/shop\/wp-json\/wp\/v2\/pages\/858"}],"collection":[{"href":"\/shop\/wp-json\/wp\/v2\/pages"}],"about":[{"href":"\/shop\/wp-json\/wp\/v2\/types\/page"}],"author":[{"embeddable":true,"href":"\/shop\/wp-json\/wp\/v2\/users\/1"}],"replies":[{"embeddable":true,"href":"\/shop\/wp-json\/wp\/v2\/comments?post=858"}],"version-history":[{"count":3,"href":"\/shop\/wp-json\/wp\/v2\/pages\/858\/revisions"}],"predecessor-version":[{"id":6855,"href":"\/shop\/wp-json\/wp\/v2\/pages\/858\/revisions\/6855"}],"wp:attachment":[{"href":"\/shop\/wp-json\/wp\/v2\/media?parent=858"}],"curies":[{"name":"wp","href":"https:\/\/api.w.org\/{rel}","templated":true}]}}