{"id":6550,"date":"2024-09-04T12:10:21","date_gmt":"2024-09-04T10:10:21","guid":{"rendered":"https:\/\/www.mowitech.de\/shop\/?post_type=product&#038;p=6550"},"modified":"2025-03-03T12:58:52","modified_gmt":"2025-03-03T11:58:52","slug":"ac-control-air-for-fujitsu","status":"publish","type":"product","link":"\/shop\/produkt\/ac-control-air-for-fujitsu\/","title":{"rendered":"AC Control Air"},"content":{"rendered":"<ul class=\"styled-list\">\n<li>Erweiterungseinheit f\u00fcr den Automatisierungscontroller<\/li>\n<li>Zur intelligenten Ansteuerung von Fujitsu Klimager\u00e4ten<\/li>\n<li>Einfache Montage im Innenger\u00e4t<\/li>\n<li>Einfache Einbindung \u00fcber Loxone Air Ger\u00e4tesuche<\/li>\n<li>Mesh-Technologie (leitet Funksignale weiter und erh\u00f6ht dadurch die Netzabdeckung)<\/li>\n<li>Inklusive kostenloser Updates (updatef\u00e4hig \u00fcber Funk)<\/li>\n<li>Inklusive Diagnose-Eing\u00e4nge f\u00fcr Onlinestatus, Systemtemperatur und Temperaturabschaltung<\/li>\n<li>Funktionen: Ein- &amp; Ausschalten, Setzen der Zieltemperatur, Modus w\u00e4hlen, L\u00fcftergeschwindigkeit w\u00e4hlen, Luftstromrichtung w\u00e4hlen, Sleep- \/ Pause-Timer, Verkn\u00fcpfung mit T\u00fcr- &amp; Fensterkontakten, Load Shedding<\/li>\n<li>Kommunikation mit Automatisierungscontroller \u00fcber Geb\u00e4udefunk-Technologie Loxone Air<\/li>\n<\/ul>\n","protected":false},"excerpt":{"rendered":"<table class=\"styled-table\">\n<tr>\n<th>Technische Daten<\/th>\n<th>Details<\/th>\n<\/tr>\n<tr>\n<td>Spannungsversorgung<\/td>\n<td>keine zus\u00e4tzliche Spannungsversorgung n\u00f6tig<\/td>\n<\/tr>\n<tr>\n<td>Frequenzband<\/td>\n<td>868MHz (Europa) 4 Kan\u00e4le w\u00e4hlbar<br \/>915MHz (US) 10 Kan\u00e4le w\u00e4hlbar<\/td>\n<\/tr>\n<tr>\n<td>Ma\u00dfe<\/td>\n<td>38,3 x 34,3 x 10,5 mm<\/td>\n<\/tr>\n<\/table>\n<p>Eine aktuelle Liste der kompatiblen Klimaanlagen ist online verf\u00fcgbar:<br \/>\n<a title=\"Besuchen Sie den Shop von Loxone\" href=\"http:\/\/shop.loxone.com\/ac-control\">shop.loxone.com\/ac-control<\/a><\/p>\n","protected":false},"featured_media":6552,"comment_status":"closed","ping_status":"closed","template":"","meta":{"_acf_changed":false},"product_cat":[258,254],"product_tag":[366,315,367,313],"class_list":{"0":"post-6550","1":"product","2":"type-product","3":"status-publish","4":"has-post-thumbnail","6":"product_cat-air","7":"product_cat-loxone","8":"product_tag-ac","9":"product_tag-air","10":"product_tag-control","11":"product_tag-loxone","12":"pa_marke-daikin-p1p2","13":"pa_marke-daikin-s21","14":"pa_marke-fujitsu","15":"pa_marke-gree","16":"pa_marke-mitsubishi-electric","17":"pa_marke-mitsubishi-heavy-industries","18":"pa_marke-toshiba","19":"pa_menge-stueck","21":"first","22":"instock","23":"taxable","24":"shipping-taxable","25":"purchasable","26":"product-type-variable"},"acf":[],"_links":{"self":[{"href":"\/shop\/wp-json\/wp\/v2\/product\/6550"}],"collection":[{"href":"\/shop\/wp-json\/wp\/v2\/product"}],"about":[{"href":"\/shop\/wp-json\/wp\/v2\/types\/product"}],"replies":[{"embeddable":true,"href":"\/shop\/wp-json\/wp\/v2\/comments?post=6550"}],"wp:featuredmedia":[{"embeddable":true,"href":"\/shop\/wp-json\/wp\/v2\/media\/6552"}],"wp:attachment":[{"href":"\/shop\/wp-json\/wp\/v2\/media?parent=6550"}],"wp:term":[{"taxonomy":"product_cat","embeddable":true,"href":"\/shop\/wp-json\/wp\/v2\/product_cat?post=6550"},{"taxonomy":"product_tag","embeddable":true,"href":"\/shop\/wp-json\/wp\/v2\/product_tag?post=6550"}],"curies":[{"name":"wp","href":"https:\/\/api.w.org\/{rel}","templated":true}]}}