{"id":7069,"date":"2024-11-21T12:29:57","date_gmt":"2024-11-21T11:29:57","guid":{"rendered":"\/shop\/?post_type=product&#038;p=7069"},"modified":"2025-02-13T09:50:02","modified_gmt":"2025-02-13T08:50:02","slug":"touch-pure-flex-24v-air-weiss","status":"publish","type":"product","link":"\/shop\/produkt\/touch-pure-flex-24v-air-weiss\/","title":{"rendered":"Touch Pure Flex 24V Air Wei\u00df"},"content":{"rendered":"<ul>\n<li>12 frei definier- und positionierbare Touchpunkte<\/li>\n<li>3 frei definierbare Status LEDs<\/li>\n<li>LED Matrix Display zur Anzeige von Men\u00fcs, Werte, Texte und Stati<\/li>\n<li>Integrierter Temperatursensor zur Raumklimaregelung<\/li>\n<li>Akustisches Klick-Feedback<\/li>\n<li>NEU: Intelligente Hintergrundbeleuchtung mit automatischer Anpassung an Raumtyp und Lichtverh\u00e4ltnisse<\/li>\n<li>NEU: &#8218;Light by Touch&#8216; Option zur stufenweise Aktivierung, idefal f\u00fcr lichtempfindliche Nutzer<\/li>\n<\/ul>\n<ul>\n<li>9 &#8230; 28VDC Stromversorgung<\/li>\n<li>Loxone Air Kommunikation<\/li>\n<li>IP44 &#8211; geeignet f\u00fcr den Innen- und gesch\u00fctzen Au\u00dfenbereich<\/li>\n<li>Empfohlene Montageh\u00f6he: 135cm<\/li>\n<\/ul>\n","protected":false},"excerpt":{"rendered":"<p>Individuell personalisierbares Bedienger\u00e4t zur Steuerung beleibiger Funktionen in Geb\u00e4uden.<\/p>\n<p>Der Touch Pure Flex wird nach Wunsch personalisiert, daher setzen Sie sich bitte zur Konfiguration mit uns in Verbindung.<\/p>\n","protected":false},"featured_media":7064,"comment_status":"closed","ping_status":"closed","template":"","meta":{"_acf_changed":false},"product_cat":[258,254],"product_tag":[315,313],"class_list":{"0":"post-7069","1":"product","2":"type-product","3":"status-publish","4":"has-post-thumbnail","6":"product_cat-air","7":"product_cat-loxone","8":"product_tag-air","9":"product_tag-loxone","11":"first","12":"outofstock","13":"taxable","14":"shipping-taxable","15":"purchasable","16":"product-type-simple"},"acf":[],"_links":{"self":[{"href":"\/shop\/wp-json\/wp\/v2\/product\/7069"}],"collection":[{"href":"\/shop\/wp-json\/wp\/v2\/product"}],"about":[{"href":"\/shop\/wp-json\/wp\/v2\/types\/product"}],"replies":[{"embeddable":true,"href":"\/shop\/wp-json\/wp\/v2\/comments?post=7069"}],"wp:featuredmedia":[{"embeddable":true,"href":"\/shop\/wp-json\/wp\/v2\/media\/7064"}],"wp:attachment":[{"href":"\/shop\/wp-json\/wp\/v2\/media?parent=7069"}],"wp:term":[{"taxonomy":"product_cat","embeddable":true,"href":"\/shop\/wp-json\/wp\/v2\/product_cat?post=7069"},{"taxonomy":"product_tag","embeddable":true,"href":"\/shop\/wp-json\/wp\/v2\/product_tag?post=7069"}],"curies":[{"name":"wp","href":"https:\/\/api.w.org\/{rel}","templated":true}]}}